**2 - 2 + 1 + 3*v + 9*v**3 - 8*v**3. Suppose 0*r + 10 = 5*r. What is w(r)?
5
Let w(n) = -4*n**2 - 11. Let x(p) = -3*p**2 - p - 10. Let b(z) = -4*w(z) + 5*x(z). What is b(5)?
-6
Let f(i) = 7 + i - 9*i**2 - 6*i**2 + 14*i**2. What is f(4)?
-5
Suppose 0*b - b - 3 = 0. Suppose 4*o = 6 + 2. Let m(c) = o*c**3 + c**3 - 2*c**2 - 4*c**3 + 4*c - c. Determine m(b).
0
Let j(u) = u**2 + u + 4. Suppose 5*k + 4*t + 16 = 0, 8 = 3*k - t - t. Determine j(k).
4
Let z be ((-2)/4)/((-3)/(-12)). Let n(g) = -2*g**3 - 3*g**2 - g. What is n(z)?
6
Let q(t) = t**2 + 3*t + 2. Suppose -15 = 5*r - 0*r. Let l be q(r). Let j(k) = -2. Let n(i) = i. Let x(o) = -j(o) + 2*n(o). Calculate x(l).
6
Let x(r) = 1 + 5*r**3 + 0*r**2 - 2*r + r**2 - 7*r**3. Let m = 9 + -9. Suppose m = -3*k - 3*c + 6*c + 15, -3*k = 4*c + 13. Determine x(k).
-2
Let a(t) = -5*t**2 - 10*t - 7. Let v(b) = -4*b**2 - 9*b - 6. Let j(h) = -5*a(h) + 6*v(h). What is j(3)?
-4
Let u(k) = k. Let p(d) = -d - 2*d + 6*d - 3 - 2*d. Let w(m) = p(m) + 4*u(m). Let j(c) = -c + 7. Let l be j(5). What is w(l)?
7
Let u(k) = k**3 - 13*k**2 - 17*k + 40. Let s be u(14). Let h(w) = w**3 + 3*w + 3. Give h(s).
-11
Let j(m) be the second derivative of -1/6*m**3 + 1/12*m**4 - 1/2*m**2 - m + 0 - 1/120*m**6 + 1/30*m**5. Let y(f) be the first derivative of j(f). What is y(3)?
-4
Let l = 0 - -3. Suppose 5*g + t = -13, 3*t = l*g - t + 17. Let r(w) = -w**3 - 4*w**2 - w. What is r(g)?
-6
Suppose 0 = 2*k - 47 + 49. Let m(b) = 6*b**3 - b**2 - b. Calculate m(k).
-6
Suppose -i - 3 = i - g, -4*i = 5*g - 15. Let t(b) be the first derivative of 0*b - b**2 + i*b**3 + 1/4*b**4 + 1. What is t(2)?
4
Let j(u) = 9*u - 5. Let t(k) = 9*k - 4. Let l(n) = 4*j(n) - 5*t(n). What is l(-1)?
9
Let p(n) be the third derivative of n**5/20 - n**4/24 + 11*n**2. What is p(-1)?
4
Suppose 5*z = 7*z. Let v(q) = 14 + z*q**3 - 20 - q**3 + q. Determine v(0).
-6
Let i(d) = 2*d**3 + 4*d**2 - d**3 - 1 + 0 + 9*d - 10*d. Determine i(-4).
3
Let t(i) = -i**3 - 5*i**2 + 5*i - 3. Let s = 195 + -201. What is t(s)?
3
Let x(q) = q**3 - 4*q**2 - 3*q + 1. Let n(f) = 2*f**2 - 7*f. Let c be n(4). What is x(c)?
-11
Let o(i) = -3*i + 2. Let u be 6/(-2)*(-2 + 1). Suppose 2*g - 1 = 2*q - 3, 4*g - u*q + 1 = 0. Let w be g/(-1) + 4*1. What is o(w)?
-4
Let l be 44/36 + (-2)/9. Let h(u) = -11*u**2 + 1. Calculate h(l).
-10
Let p(t) = 6*t + t**2 + t + 0*t**2 - 2*t**2. Let z be p(6). Let f(k) = k**3 - 6*k**2 + k. What is f(z)?
6
Let p(a) be the second derivative of -a**5/20 + a**4/12 + a**3/6 - a**2 - 2*a. Determine p(-2).
8
Let u be (-3 + 18)/(-3) + 4. Let b(p) = 9*p**2 + p. Give b(u).
8
Let d(v) = -4*v + 16. Let n(c) = -3*c + 11. Let y(z) = -5*d(z) + 7*n(z). Give y(-6).
3
Suppose 0 = -5*f + 2*f + 15. Suppose v = -5, 2*x - v - 4 + f = 0. Let o(j) = j + 2. Calculate o(x).
-1
Let o be (3 + -7)*(-1 + -1). Let r(k) = -k**3 + 8*k**2 - 4. What is r(o)?
-4
Let v(y) = -3*y + 6*y**2 + y**3 + 8*y - 12*y + 1. Give v(-7).
1
Let x(n) = 1 + n**3 + 0 - 3 - n**2. Let w be x(0). Let u(j) = j**2 + 3*j + 2. Give u(w).
0
Let m(r) = -11*r - 10. Let q(t) = -6*t - 5. Let z(d) = 3*m(d) - 5*q(d). Give z(-4).
7
Suppose 10*t - 6*t = 0. Suppose 3 = -m + 4*m. Let p(r) = r**2 - 5 + r - 4 + m + 2. What is p(t)?
-6
Let o(x) = -x**3 - 4*x**2 - 2*x. Let s = 7 - 5. Let p = -1 - s. What is o(p)?
-3
Let a(g) = -2*g**2 - g - 1. Suppose 3*c + 11 = 4*c - 5*d, -3*d - 4 = 2*c. Suppose o = -2 + c. Give a(o).
-2
Let b(l) be the first derivative of l**3/3 + l**2 + 22. Give b(-2).
0
Let k = 2 + -3. Let v(r) = 5*r**3 + 2*r**2 + 4. Let t(u) = -10*u**3 - 3*u**2 - 7. Let j(h) = -3*t(h) - 5*v(h). Determine j(k).
-5
Let a be (-12)/(-66) - (-64)/11. Let p(c) be the first derivative of c**3/3 - 2*c**2 - 5*c + 1. Determine p(a).
7
Let f = 0 + 5. Suppose -5*h - 2 = -3*n, n - 2 = -f*h + 3*n. Let q(k) = -k**2 - k + 0*k - 7 - 7*k + h*k. Calculate q(-5).
-2
Let u(p) = -p - 3. Suppose 4 = 3*d - 8. What is u(d)?
-7
Let p(b) be the first derivative of 5*b**4/4 - b**3 - 3*b**2/2 + 5*b + 4. Let d(l) = -14*l**3 + 9*l**2 + 10*l - 15. Let t(v) = -4*d(v) - 11*p(v). Give t(4).
-7
Let p(x) = 5*x**2 - 5*x + 5. Let v(q) = 6*q**2 - 5*q + 6. Let y(g) = 5*p(g) - 4*v(g). Determine y(6).
7
Let t(r) be the third derivative of -r**4/8 - 7*r**3/6 - 4*r**2. Give t(-6).
11
Let y(o) = 3*o - 2*o**2 + o**3 - 2*o + o**2. Let m = -48 - -48. Let i be y(m). Let f(v) = v - 3. Give f(i).
-3
Let a(d) = d**2 - 1. Let g(c) = c**2 - 2*c. Let o(t) = 2*a(t) - g(t). Let v = -6 + -2. Let k be 4/(-1)*(-6)/v. Determine o(k).
1
Let p(l) = 14 + 15*l - 5 - 5*l - 6. Determine p(-3).
-27
Let o(u) = -8*u - 3. Suppose 3*a = 2*a + 16. Let f be a/3 - (-6)/(-18). Let p(l) = 17*l + 6. Let r(g) = f*o(g) + 2*p(g). Determine r(-2).
9
Suppose 0 = -3*h - 2*m + 11, h = 3*h + 4*m - 10. Let u(i) = i**2 - i + 1. Let a(j) = j**3 + j**2 - 3*j + 8. Let z(w) = a(w) - 6*u(w). Calculate z(h).
-7
Let d = 70 + -67. Let w(p) be the first derivative of -p**4/4 + p**3 + p + 1. What is w(d)?
1
Let o(h) = h**2 + 10*h - 2. Let f = -27 - -17. Let r be o(f). Let b be (5 - 7)*5/r. Let v(w) = -w**2 + 3*w. Determine v(b).
-10
Let j(k) = -k**3 + 4*k**2 + 3*k - 1. Let c be (10/(-4))/((-1)/(-2)). Let h = c - -4. Let s be h/(-2) + (-9)/(-2). Determine j(s).
-11
Let d(m) = m. Let r(i) = 2*i + 5. Let w = -3 + 2. Suppose 0 = -5*h - 4*t + 17, 2*h + 0*h - 4*t + 10 = 0. Let l(a) = h*r(a) + w*d(a). Determine l(-5).
0
Let h(l) = -2*l + 4. Let u be (-7)/2*(-128)/56. Determine h(u).
-12
Let y be (-1)/(1*-1 - -2). Let f(l) = 0 + 6 - 6 + 1 - 5*l. Give f(y).
6
Let v(q) = -q**2 + q + 5. Let w be v(-2). Let i(o) = -o**2 - 2*o - 1. Calculate i(w).
0
Suppose -t + 7*l - 2*l = 19, 3 = l. Let g(r) = r + 3. Let c(o) = -o - 5. Let a(w) = -3*c(w) - 5*g(w). Give a(t).
8
Let k(v) = -2*v**3 - 2*v**2 + 3*v + 2. Let m be 6/27 + 40/(-18). Give k(m).
4
Let l(a) = -a**2 - 3*a + 1. Let d be (-20)/(-30)*3*1. Determine l(d).
-9
Let y(w) = -6*w - 4. Let r(l) = 5*l + 4. Let p(x) = -7*r(x) - 6*y(x). Let h be (1/2)/((-1)/10). Give p(h).
-9
Let y(c) = 3*c + 6. Let l(u) = -1. Let i(m) = -2*l(m) - y(m). Give i(-4).
8
Let z(l) = 2*l**2 + 2*l - 1. Let f = -3 + 1. Calculate z(f).
3
Let c(r) = 8*r - r**3 + 20*r**2 - 31*r**2 - 5 + 16*r**2. Suppose 0 = -m + 6. Calculate c(m).
7
Suppose -z - 3*d + 1 + 4 = 0, 4*z - d - 20 = 0. Let k(r) = -4*r + 2. Calculate k(z).
-18
Let b(t) be the second derivative of -t**5/20 + 5*t**4/12 + t**3/3 - t**2 + 3*t. Give b(4).
22
Let c(i) = i - 1. Let j be 3/2*(-20)/(-6). Give c(j).
4
Suppose -5*x + 14 = 2*p, 0*x = -x - 5*p - 11. Let u(i) = -7*i - 6. Let r(d) = -d + 3 + 4*d + 0 + 0. Let n(w) = x*u(w) + 9*r(w). Determine n(-4).
7
Let t(u) be the second derivative of -u**5/20 - u**4/2 + u. Let x(a) = a**2 - 11*a + 8. Let g be x(11). Suppose -g*f = -f + 42. Determine t(f).
0
Let i be ((-2)/4)/((-1)/(-4)). Let b(q) = -q - 1. Let f(v) be the first derivative of v**2/2 + 2. Let r(m) = b(m) - 4*f(m). Calculate r(i).
9
Let z(u) = u**2 - u + 2. Suppose 0 = 5*w - 189 + 64. Let y = 25 - w. Calculate z(y).
2
Let i(j) = 7*j**3 + 5*j**2 - 11*j + 3. Let a(y) = -8*y**3 - 6*y**2 + 12*y - 3. Let n(m) = 6*a(m) + 7*i(m). Calculate n(3).
6
Suppose -2*s - 19 + 1 = 3*l, -s - 5*l - 23 = 0. Let j(o) be the third derivative of -o**4/24 - o**3/2 + o**2. Determine j(s).
0
Suppose 9 = i + 3*t - 2, -i - t + 7 = 0. Suppose 28 = a + i*k, -2*a + 7 = -3*a + 2*k. Let q(c) = c - 4*c**2 - 5*c - 1 + 0 - c**a. Determine q(-3).
2
Let s(o) = 9*o**3 - o + 1. Let a = 102 + -98. Let p(j) be the first derivative of -j**3/3 + 5*j**2/2 - 3*j - 1. Let v be p(a). Determine s(v).
9
Let m be (4/(-3))/2 + (-32)/6. Let v(s) = -s**3 - 7*s**2 - 8*s + 2. Determine v(m).
14
Suppose -5*r = -2*l, 0 = -2*r - 0*l + l. Let o(u) = -9 + 3*u**3 + r*u - 2*u**3 + 7*u**2 + 3*u - 4*u. Calculate o(-7).
-2
Let k(v) = -5*v - 3*v**2 - 2 - v + 0*v + 2*v**2. Let f(r) = r + 1. Let u = 1 + -2. Let c(o) = u*k(o) - 6*f(o). What is c(-3)?
5
Let n(s) = -s**3 - 5*s**2 + 5*s - 7. Let g be n(-6). Suppose m - 6*m + 33 = -y, 2*m = -y + 9. Let i(k) = -2*k - 6 + m. Calculate i(g).
2
Let b = -3 - 1. Let j(c) be the third derivative of c**6/120 + c**5/20 - c**4/12 + 2*c**3/3 - 55*c**2. Calculate j(b).
-4
Let h(r) = r - 10. Let g be (-198)/(-88)*(-8)/(-3). Give h(g).
-4
Let o(h) = 5*h + 3. Let w = 19 - 23. Let f be 9/6*(w + 2). Give o(f).
-12
Let 